7 + (-4 - 2)?
-4
What is (-3 - 2) + 4 - (-4 + (0 - 9))?
12
Calculate -78 + 59 + -1 + -4.
-24
(175 - 187 - (-35 + -1)) + (1 - 0)
25
What is the value of 36 + (-49 - -28) + 3 + -1?
17
Evaluate -11 + 13 + 21 + -47.
-24
What is 3 + 7 + -3 + (0 - (-1 - 8))?
16
What is the value of 11 + 15 + (3 - (23 + -6))?
12
Calculate 2 + -5 + (-4 - -4) + 16 + -7.
6
What is the value of -10 + 8 + -13 + 19 - 3?
1
Evaluate (-15 - (-23 + 3)) + 12.
17
Calculate 8 - 3 - -5 - (0 - -1).
9
Evaluate -8 + (26 - (2 - -13)).
3
What is -26 + (36 - (15 - 15))?
10
Calculate -5233 + 5227 - (-39 + (-1 - -2) + -2).
34
(10 - -13 - 10) + -2 + 0
11
What is the value of -9 + (-55 + 45 - (2 + -12))?
-9
What is (1 - -3 - ((13 - 10) + 8)) + 12?
5
(19 - 23 - 20 - -65) + (-11 - 0)
30
What is the value of (-8 - -2) + (-20 - -32 - 15)?
-9
What is the value of (-36 - (1 + -5)) + (10 + -26 - -26)?
-22
What is 17 + (-2 - ((4 - 15) + (-22 - -19)))?
29
Calculate 30 - (11 + (13 - -3)).
3
(133 - 171) + (23 - 1)
-16
4 - (9 - (1 + -4) - (-1 - 2))
-11
Calculate -26 - (7 + 8 - 10 - 5).
-26
17 + (-1 - 4) + (-15 - -13)
10
What is (-7 - (0 + 3 + -7)) + (53 - 24)?
26
Evaluate 25 + -13 + -14 + 0 + (12 - -1).
11
-3 - -15 - (10 + 0)
2
What is the value of 39 - (16 + -33) - 36?
20
What is the value of (-1 - 1) + -2 - -15?
11
Evaluate -21 + (-6 - -3 - -10).
-14
What is -9 - (-11 + 27 + -14)?
-11
Calculate -22 + 9 + -12 + 22.
-3
-4 + (6 - 8) - -4 - (7 + 2)
-11
What is the value of 13 + 5 + 1 + 0 + -4?
15
(1 + 12 - 11) + -5
-3
(-2 - (0 - 2)) + 7 + 50 + -53
4
Evaluate (-1 - 17) + -10 + -1 - -10.
-19
(-8 - -1) + (22 + 3 - (183 - 195))
30
Evaluate -10 + 0 - (-8 + (3 - (2 - -4))).
1
What is -8 - (-3 - 0) - (29 + -25)?
-9
Evaluate (30 - 14) + -8 + -2 + -13.
-7
Evaluate 1 + -12 - -26 - 18.
-3
Calculate (-7 - -8) + 6 - 18.
-11
7 + 3 + (22 + -22 - 3) + 31
38
What is 1 + 24 - (202 + -193)?
16
Evaluate 3 + (2 - 6) + -5.
-6
What is -2 + (1 - -1) + 5 + 13 + -15?
3
Evaluate -6 + 0 + (13 + -25 + 2 - -15).
-1
What is the value of (-1 - 26) + (23 - 8)?
-12
What is -3 + (-8 - -10) - 10 - (-6 - 0)?
-5
6 + -8 + (-9 - -6) + 23
18
Calculate -5 + 19 + (-19 - -5).
0
Calculate 56 + (-33 - (43 - 49)).
29
Evaluate -6 + -5 + 5 + -2 + 3 + 10.
5
(-11 - -14) + 17 + -11 - -6
15
0 + -5 - (15 + 26 + -36)
-10
Calculate (21 - -11) + 9 + -36 + 10.
15
2 - (3 + 6) - (16 + -55 + 19)
13
-2 + (-14 - -9) - 2 - 5
-14
What is the value of 13 + (-33 - -1) + (5 - 0)?
-14
What is the value of 21 + (1 - 41) - -24?
5
Calculate (-15 + 4 + 44 - 8) + -16.
9
15 + 0 + (-21 - -7)
1
What is -5 + -2 + 0 + 3 + 0 + 3?
-1
42 + -39 + (14 - 0) + -1
16
Calculate (57 - 97) + 35 - (-26 + 1).
20
Evaluate -1 + 6 + 2 + 2 + -3 + 1.
7
What is the value of 1 + 17 + 33 + (-10 - 23)?
18
Calculate -3 - -1 - (-17 + 34 - 27).
8
Calculate (31 - (9 + 2)) + -27.
-7
(-5 - (-11 - 3)) + 1 + (2 - 2)
10
-48 + 20 - (-6 + -14)
-8
What is (4 - -1) + -1 - (-3 + 13)?
-6
Calculate 19 + -16 + 12 + 5.
20
What is the value of -2 + (8 - -8) + (1 - (8 - -1))?
6
What is the value of -5 - (-35 - (-5 + 8 + 1))?
34
Evaluate -6 + 12 + 5 - (21 + 9).
-19
Calculate -11 + 4 + 0 - (-28 - -22).
-1
Calculate -23 - (-12 + (-5 - -12 - 0)).
-18
-60 - -16 - -32 - (9 + (0 - 2))
-19
What is the value of 9 - (-3 + -7 + 7 + -6)?
18
What is -28 + 21 + (0 - (-4 + 2))?
-5
What is the value of -10 - (45 + -44 - ((-2 - 1) + 5))?
-9
Calculate -36 - (-1 + -11) - (-10 + 0 - -4).
-18
Calculate 10 + -3 - (-1 + (4 - -1)) - 9.
-6
0 + -6 + (27 - 21) - (-6 + -8)
14
(-16 - 11 - -31) + 0
4
Evaluate 26 + -1 + -67 + 23.
-19
(-16 + 22 - 0) + (0 - (-10 + -1))
17
Calculate 25 - (5 - (-6 - -2)) - -6.
22
Calculate 5 + (3 - (17 + 1)) - (-1 - -4).
-13
What is 11 + (2 - 16 - (70 + -57))?
-16
What is (-15 - (-1 + 7 + -15)) + -6?
-12
Evaluate (3 - (-43 - -47)) + 27.
26
Evaluate (6 + 5 + -20 - -19) + -3 + 15.
22
Calculate (-10 + 1 + 0 - -3) + (-1 - -6).
-1
Evaluate -23 - (-27 + -1 - -19).
-14
Calculate 6 + -1 - -3 - (12 - 20).
16
(15 + -17 - -5) + -5 - 9
-11
What is (-7 - 1) + (-24 - (-47 + 26))?
-11
What is -13 + 13 + -22 + 23 - 13?
-12
What is the value of -16 + 3 + -4 + (-2 - -14) - -13?
8
Calculate (23 - (1 + 25)) + -9.
-12
What is (12 - 2) + (-1 - (1 + -1 - 1))?
10
8 - (-12 + 15) - -7
12
Evaluate -33 + 24 - -20 - (2 + -5).
14
What is the value of (-13 - -1) + -321 + 309?
-24
What is the value of (14 + -6 - -9) + -8?
9
8 + (2 - 19) + 6 + -7 + 0
-10
What is the value of -16 + 7 + 2 - (-1 - -4) - -7?
-3
What is (8 + 2 - 0) + (133 - 163)?
-20
9 + -4 + 16 + 3 + (-1 - -4)
27
Calculate 31 - (-1 - (-2 + 3)) - (-332 + 340).
25
1 - 11 - (-72 - -31 - -21)
10
What is the value of -13 + (-1 - (-8 + 7) - -2) + -3?
-14
Calculate 2 + -4 + 1 + -5 + (11 - 4).
1
What is the value of -4 + (-18 - -12) + -1?
-11
Evaluate 1 - 1 - (35 + -37) - (23 + -8).
-13
What is -108 + 98 - (-3 - (-4 - (2 + -19)))?
6
(2 - 3) + (6 - (8 + 8))
-11
Evaluate -5 + 15 + -19 + 2 + 1.
-6
-37 - -9 - (9 - -13 - 31)
-19
0 - 6 - (-10 + 36 + -18)
-14
-3 + 2 - (2 + (-10 - -7 - -4))
-4
What is -13 - (-13 - (2 + -2))?
0
(14 + 5 + -16 - 8) + (3 - 0)
-2
Evaluate 0 + -4 + (-7 - -12).
1
(4 - (4 - 29)) + 22 + -7 + -10
34
What is the value of (62 - 14) + -7 + -55?
-14
(-8 - -9) + 0 + -7
-6
(5 - 1) + (-20 - (-17 - 4)) + -23
-18
Calculate -10 - (1 - (-10 - 3 - -12)).
-12
What is the value of 1 + (-1 - -9) + (-69 - -65)?
5
Calculate 14 - -2 - ((-7 + 25 - 5) + -9).
12
Evaluate (-9 - -18) + 8 - -2.
19
Calculate -11 + (6 - (7 - 0)) + (-8 - -27).
7
Calculate -2 - (12 - 0 - (1 - -2)).
-11
Evaluate (14 - (-20 - -17)) + -9 + -17.
-9
Calculate 27 + 24 + -8 + -15.
28
-2 + 11 + 15 + -15
9
-1 - -4 - (-5 - 14 - -28)
-6
Evaluate -11 + (-3 - (-1 + -3 - (20 + -18))).
-8
(11 - 9) + (-3 + 10 - 10)
-1
What is 1 + -23 - (-15 + 4 + 7)?
-18
What is 10 + (-3 - 14) + (4 - 8)?
-11
What is 20 + (-16 - (-13 - -4))?
13
What is 26 - ((-3 - -25) + 1)?
3
What is the value of -1 + (-9 - (6 + 0 + -6))?
-10
Calculate -15 + 4 + 3 - (11 - 7).
-12
What is (10 - 14 - -21) + -3?
14
Calculate -13 + 4 + -11 + (-1 - -12).
-9
Evaluate -3 + 3 + -13 + -7 + 3 + 11.
-6
Evaluate -75 + 73 + 3 + -3.
-2
What is (8 - (-5 - -10)) + -18?
-15
What is 36 + -24 + (-3 + -1 - 13)?
-5
What is the value of (3 - 0) + 6 + -1 + (-11 - 3)?
-6
Calculate (-18 - (-18 - -10)) + 5 + 0.
-5
Evaluate 4 + (-10 - (20 + -35)).
9
Calculate -3 + -3 + 1 + 4 + 11.
10
-6 - (28 + -11 + 1)
-24
Calculate 0 + 12 + 0 + (-28 - (27 - 49)).
6
(-3 - (-9 + 11) - -11 - -2) + -49
-41
Calculate 34 + -12 + -27 + -3.
-8
14 + 2 + -17 + -8
-9
What is the value of -10 - (16 - (24 + -25))?
-27
What is 420 + -437 - (1 + 0 - 11)?
-7
-29 + -7 + 9 + 19
-8
20 + (-15 - (-22 - -13))
14
(-758 - -735) + (0 - -36)
13
Evaluate 8 + (-1 - 2) + 43 + -31 + 0.
17
Evaluate -4 - -8 - 0 - (-1 - 3 - 4).
12
Calculate -2 + 3 - (-6 + 5).
2
-11 + (11 - -10) + 0
10
Evaluate (11 - 12) + -12 - (-31 - -7).
11
-25 - (-9 + -42 + 26)
0
Calculate -6 - (5 + -21 - (4 + -9)).
5
What is -3 + -6 + 1 + (-1 - -4) + 16?
11
(3 - ((0 + 13 - 8) + -3)) + -9
-8
Evaluate -8 + 1 - (280 + -280).
-7
Evaluate -9 - (-9 + (-8 - -4)) - (0 + 11).
-7
Calculate 7 - ((57 - 41) + (4 + 0 - 2)).
-11
(-3 + -64 - -29) + 30
-8
What is -8 + 1 + 11 + 8 + -19?
-7
12 - (10 + (3 - 9)) - 1
7
What is the value of -14 - (-4 - (7 + -8))?
-11
(0 - 12 - -4) + 9
1
What is 12 - (9 + (-10 - -9))?
4
What is the value of (0 - -4 - 1) + 1215 + -1223 + 10?
5
What is (6 - -1) + 0 - (1 - 10 - -3)?
13
Evaluate -8 - (44 - (-5 - -30)).
-27
What is 11 - (45 - (-9 - -16 - 1)) - 2?
-30
What is the value of 26 - (0 - -6 - -11)?
9
Evaluate 5 + 5 + -10 - (-7 - (-10 + 15)).
12
What is -26 - -11 - -30 - 21?
-6
What is -2 + -1 + (7 - (-9 - -16 - 4))?
1
What is the value of ((-7 - -7) + 4 - 10) + 6?
0
Evaluate 5 - (19 + (10 - 8 - (2 - -5))).
-9
Evaluate 5 - (-5 + (-5 - (-8 - -4)) - -7).
4
Calculate 5 + 5 + -2 + (-5 - 0) + 12.
15
What is 12 + 2 + -6 + (18 - 18)?
8
What is 8 + -10 + (4 - 5) + 4?
1
What is 18 + -16 + 1 + 21?
24
-11 + 16 + -16 + -15 + 3
-23
Calculate (67 - 107) + (7 - 1) + 0.
-34
Calculate -1 + (17 - (-8 + 15)) + -34.
-25
Evaluate 2 - (-1 + 3 - (-1 - -2)).
1
What is the value of 317 + -329 - (3 + 9 + -1)?
-23
Calculate 6 + -14 + 11 + -8.
-5
What is the value of -3 + 0 - (-57 + 59) - -1?
-4
What is the value of -6 + (-2 - -2 - (9 + 1 + -5))?
-11
Evaluate 4 + 3 + -3 + 3 + -1.
6
What is 